irst derivative of -z**7/840 + z**6/90 + z**5/20 - z**4/12 + 65*z**3/3 - 32. Let y(a) be the third derivative of q(a). Determine y(5).
3
Let z(y) be the third derivative of -y**4/12 - 4*y**3/3 - 11*y**2. Let d be (-23)/115 - 57/15. Calculate z(d).
0
Let i be 145/116*24/20. Let h(u) be the first derivative of 3*u + i*u**2 + 14 - 1/3*u**3. Give h(5).
-7
Let d(n) be the third derivative of -n**6/120 - 4*n**5/15 - 5*n**3/6 - 32922*n**2. Let h be (-3)/((-19)/(-16) - 1). Determine d(h).
-5
Suppose 1038 = -372*h - 1145 + 695. Let a(v) = 34*v + 128. Calculate a(h).
-8
Let a(g) = g + 11. Let s = 66 - 67. Let b be 9/6 - (-2)/(-4)*s. Suppose 3*y = -b*y. Determine a(y).
11
Let a(c) = -c**3 - c**2 + c. Suppose -2*j + 14 = -2*x, -3*j + 4 = -5*x - 23. Let o(q) = -6*q**3 - q**2 + q + 1. Let r(y) = x*a(y) + o(y). Determine r(1).
-2
Let w(x) = -7*x**2 - 7*x - 11. Let a be 55/(-10)*132/121. Let s(j) = -2*j - 8*j**2 - 3*j - 12 - 3*j. Let t(l) = a*s(l) + 7*w(l). What is t(0)?
-5
Suppose 3 = 2*v + g - 0, 0 = -v + 4*g + 6. Let f(c) = 6 + 0*c**v - 3 + 2*c**2 - 2. Suppose -4*n - 4 = -2*n - 3*q, -n + 11 = 5*q. Calculate f(n).
3
Suppose 2*k - q - 28 = 5, -3*q = 5*k - 110. Let a(i) = -2*i + 6*i - 2*i - 4*i - k*i**2 + 16*i**2 - i**3 - 3. Give a(-4).
21
Let c = 43 - 48. Let p = c - -3. Let i(y) = y**2 + y - 5. Let a(u) = -2*u**2 - 2*u + 9. Let l(k) = 3*a(k) + 5*i(k). What is l(p)?
0
Let w(x) = -x**2 + 2*x + 6. Let z(v) = v**2 - 6*v - 9. Let k be z(8). Let r be 0/27 + (-1 - -4) + 0. Suppose 0 = -t + r - k. What is w(t)?
-18
Let v(h) = -2*h**3 + 5*h - 2. Let g(i) = 22*i - 44. Let f be g(2). Determine v(f).
-2
Let s(c) = -c - 16. Let m(n) = 5051*n**2 + 29*n - 5044*n**2 - 4 + 8. Let x be m(-4). Calculate s(x).
-16
Let t(r) = r - 7. Let s(o) = -40*o - 9. Let y(w) = -s(w) + 2*t(w). What is y(2)?
79
Let q(k) = k**3 - 19*k**2 - 18*k - 36. Let x be q(20). Let p(f) = -6*f + x + 4*f**2 + 0*f - 3 - 2*f**2 + 3*f. What is p(2)?
3
Let p(m) = m**3 + 16*m**2 + 16*m + 30. Let a = 4602 + -4617. What is p(a)?
15
Let r(g) be the second derivative of g**5/5 + g**4/12 - g**3/3 + g**2/2 + g. Let f = 17 + -14. Let k be ((-10)/30)/((-1)/f). What is r(k)?
4
Suppose -y = -4*l + 69, 3*l + 527*y = 532*y + 22. Let j(z) = 3*z**2 - 56*z - 30. Calculate j(l).
-11
Let t(x) = x**3 + 5*x**2 - 8*x - 7. Let u be t(-6). Suppose s + 0*s - 2*p = -u, -p + 19 = 5*s. Suppose 14 - 5 = -s*l. Let a(r) = r**2 + 4*r - 2. Calculate a(l).
-5
Let v(b) = -20*b + 163. Let r(i) = 12*i - 92. Let f(g) = 12*r(g) + 7*v(g). Give f(-4).
21
Let j(a) = a**2 + 56*a + 432. Let d be j(-47). Let w(f) = -f**2 + 7*f + 19. Give w(d).
1
Let o(h) be the first derivative of -h**3/3 - 13*h**2/2 - 7*h - 2850. What is o(-4)?
29
Let h(t) = t + 5. Suppose 4*c - c = -8*c. Let m be (-87)/(-4) - 6/(-24). Suppose c = 5*x - 4*o + 46, -5*x + o = -2*x + m. What is h(x)?
-1
Let o(w) be the first derivative of -w**4/4 + 2*w**3 + 3*w**2/2 + w - 3. Let u = 16 - -2. Let v(z) = -z + 24. Let h be v(u). Give o(h).
19
Let h be 611/8 + 9/(-24). Suppose -45 - h = -11*x. Let o(b) = 5*b - x - 2 + 13 - 8 + b**2. What is o(-7)?
6
Let o = -23530 + 23526. Let j(p) = 4 + 2*p**2 + 3*p - 2*p**2 - 5*p**2 - 7*p - p**3. Determine j(o).
4
Let h(t) = -2 - 636499*t + 636497*t - 4. Calculate h(0).
-6
Let u(y) = -2*y**2 - 7*y + 18. Let w be u(-6). Let x be ((-9)/w)/((-2)/8) + 9. Let n(i) = -i**3 + 7*i**2 - 7*i + 9. Determine n(x).
3
Suppose f + 4*f - 20 = 0. Suppose 2*i - 2 = 3*r - 0*i, i = -r + 1. Suppose r = f*d - 6 + 22. Let p(u) = u**2 + 4*u + 4. What is p(d)?
4
Let l = -134 + 188. Suppose l = 3*t - c, t - 31 = -5*c + c. Suppose -4*i - 27 = -t. Let n(s) = -3*s**3 - 2*s**2 - 1. Determine n(i).
15
Let i(o) = o**3 + 13*o**2 + 7*o - 13. Suppose 29 = -g + 4*w, 53*g = 55*g - 23*w + 118. Determine i(g).
-104
Let f(q) be the third derivative of -q**4/12 - 2*q**2. Suppose -5*z - 5*d = -345, 0 = 2*z - 14*d + 17*d - 142. Let p = z + -68. What is f(p)?
6
Let q(t) = -t**2 + 13*t - 102. Let h(c) = -2*c**2 + 29*c - 205. Let x(w) = -3*h(w) + 5*q(w). What is x(7)?
0
Let n(f) = f**2 + 12*f + 3. Let p be n(-7). Let x = -30 - p. Let g(c) = 3*c - 2*c + 5 - 6*c**x + c**3 - 5*c + 3*c. Calculate g(6).
-1
Let y(m) = 32*m + 197. Let i be y(-6). Suppose 0 = i*c + 3*f - 8*f - 45, -4*c + 4 = 4*f. Let v(a) = -a**2 + 6*a - 2. Calculate v(c).
3
Let c(f) = 172*f - 515. Let i be c(3). Let u(d) be the third derivative of 7*d**6/120 - d**4/24 + d**3/6 + 7*d**2. Calculate u(i).
7
Let c(g) = -g**2 - 4*g - 1. Let j be (((-2)/8)/(1/4))/(-1). Suppose 2*y = 6*y - 20. Let r be (-4 + y)/(-4*j)*-12. Give c(r).
-22
Let q(o) = -o**2 + 4. Let k(z) = -1215*z - 9. Let b be k(0). Give q(b).
-77
Let q(l) be the second derivative of l**6/360 - l**5/120 + 7*l**4/6 - 80*l. Let d(t) be the third derivative of q(t). What is d(6)?
11
Let d(m) = m**3 + 3*m**2 + 5*m + 3. Suppose 79 = -3*t - 4*o - 59, 0 = -5*t - 4*o - 238. Let n = t - -47. Determine d(n).
-12
Let s(y) = 4*y - 12. Let u(l) = 7*l - 23. Let m(c) = -3*s(c) + 2*u(c). Suppose -j - 3*h + 11 = -2, -9 = -j - h. What is m(j)?
4
Suppose 17 - 7 = 5*k. Suppose -k*u + 8 = -4*h, -4*u + 10 = -h - h. Let b(f) = 6*f**2 - 4*f + f**2 - 9*f**u + 2*f. Calculate b(-2).
-4
Let y(m) = -2*m + 19. Suppose 0 = 3*q - 4*i - 5, -60*i - 14 = -2*q - 56*i. What is y(q)?
37
Let d(k) be the second derivative of 0 + 5*k + 0*k**2 + 0*k**3 - 1/2*k**4. Let o be 40/(-80)*2/1. Calculate d(o).
-6
Let l(v) = -127*v**2 + 107 - 103 + 3*v + 129*v**2. Calculate l(-4).
24
Suppose 3*k + 15 = 0, 2*d + 6*k - 23 = 9*k. Suppose -d*c + 1 = -2*c - 5*n, 2*c = -5*n - 29. Let l(w) = -w**3 - 9*w**2 - 9*w - 4. Give l(c).
-39
Let h(r) = 5*r**2 - 11*r + 83. Let c(k) = k**2 + 40. Let f(s) = -2*c(s) + h(s). What is f(3)?
-3
Let v(a) = a**3 + 0*a - 4*a - 23*a - 85 - 14*a**2. Let r be v(16). Let g(h) = -3*h - 12. Calculate g(r).
3
Let u = 11681 - 280343/24. Let f(h) be the third derivative of u*h**4 + 0*h - 41*h**2 - 11/6*h**3 + 0. What is f(7)?
-4
Let z(m) = -m**3 + 12*m**2 - 10*m - 174. Let f be z(7). Let y(w) = 4*w**3 - 2*w**2 + 1. Give y(f).
3
Let w be (60 + 0)*(-26)/(-65). Suppose w*l = 22*l - 14. Let o(k) be the second derivative of -k**5/20 - k**4/2 + k**3 - 3*k**2 + 22*k. Calculate o(l).
1
Let d be 1 + 10 + 1/(1 + 0). Suppose -41*l - d = -43*l. Let p(k) = -l*k**2 + k**3 + k + 1 - 7*k + 0*k - 7. Calculate p(7).
1
Let o(a) be the first derivative of -61 + 8*a + 1/2*a**2. Give o(-6).
2
Let z(b) = -973*b - 2 + 5*b**2 + 977*b - 3*b**3 + 4*b**3. Determine z(-4).
-2
Suppose 217 = 79*o + 59. Let z(d) be the first derivative of 5/2*d**2 - 13 + 1/3*d**3 - o*d. Calculate z(-4).
-6
Let h(j) = -2*j - 7. Suppose -3*z + 10 = 6*t - t, -t + z + 2 = 0. Suppose v + 2*d = 2*v - 4, t = 2*v - d. Let g be v - (-195)/(-27) - 2/(-9). What is h(g)?
7
Let z(p) = -1006 + 13*p**2 - p**3 - 48*p + 1034 - 51*p + 98*p + p**2. Give z(14).
14
Let r = -16 + 11. Let f(g) = 123*g**2 + 17*g - 25. Let o(s) = -46*s**2 - 6*s + 8. Let a(l) = 3*f(l) + 8*o(l). Calculate a(r).
-1
Suppose 8*v = 7*v + 2. Let c(n) = -7*n**2 - 17*n + 35. Let p(b) = -4*b**2 - 9*b + 19. Let k(l) = -6*c(l) + 11*p(l). Calculate k(v).
-3
Let v(q) = -q**2 - q - 1. Let j(g) = 2*g**2 - 5*g - 1. Suppose -5*s + 4 = -1. Let z(h) = s*j(h) + v(h). Suppose -5*m - 22 + 47 = 0, -10 = -t - m. Give z(t).
-7
Suppose 79 - 101 = -22*c. Let p(q) = -q + q**2 - q**3 - 2*q**2 + 2*q**3. Let j(a) = 2*a**3 - 4*a**2 - 7*a - 6. Let m(v) = c*j(v) - p(v). Determine m(5).
14
Let t = 1355 - 1360. Let y(a) = 3*a + 18. Determine y(t).
3
Let g = 1619 + -53. Let t = 1564 - g. Let i(z) be the first derivative of -z**4/2 - z**3/3 + z**2 + 3*z + 1. Give i(t).
11
Let m(w) = w**2 + 3*w - 4. Let o = 70 - 192. Let j = -125 - o. Calculate m(j).
-4
Let f(k) = k**2 - 11*k + 37. Let s = -34634 + 34646. Give f(s).
49
Let o(x) = -1. Let y(u) = -4 + 4 - 3 + u + 3*u**2 - 3. Let l = -65 - -66. Let j(z) = l*y(z) - 6*o(z). Calculate j(1).
4
Let h be (15*5/50 + (-10)/4)*11. Let s(v) = -3*v - 28. Calculate s(h).
5
Let s(n) = 4*n**2 - 2*n - 12. Let h(c) = 86*c - 87*c + 2*c**2 + 2*c**2 - 3*c**2 - 3. Let u(t) = -5*h(t) + s(t). What is u(5)?
-7
Let i(s) = -s**2 - 4*s - 5. Suppose 0 = -k + 198*w - 201*w - 2, 3*k - 3*w = -6. Determine i(k).
-1
Let k(f) = 7*f**3 - 9*f**2 + 9*f + 7. Let t(r) = -11*r**3 + 13*r**2 - 13*r - 11. Let z(y) = -8*k(y) - 5*t(y). Let